lculate the greatest common divisor of p and 91.
13
Let s be (46/(-8))/((-2)/16). Suppose -5*u - s = -4*m, 2*m + u = -2*m + 58. Suppose -r + m = r. Calculate the greatest common divisor of 7 and r.
7
Suppose 4*w + 172 = 4*d, -6*d = -2*d - 3*w - 172. Suppose -n - 10 = -d. Let t = n + -13. What is the highest common divisor of 20 and t?
20
Let f be (-96)/14 + 2/(-14). Let c be (f - -30) + (-9)/3. What is the greatest common divisor of c and 30?
10
Let r be 5 + -8 + (2 - 1). Let i(d) = 2*d**3 - d**2 + 3*d + 3. Let b be i(r). Let q = -8 - b. What is the greatest common factor of 105 and q?
15
Let g = 451 - 306. What is the highest common divisor of 580 and g?
145
Suppose 0 = -4*u + 16, 0*l - 5*l + 2*u = -267. Let h be -3 - 111/((-3)/1). Let i be (187/h)/(2/4). What is the highest common divisor of i and l?
11
Let l be (-1*130)/(-5) - 2. Calculate the highest common factor of 132 and l.
12
Let u = -90 + 77. Let k(l) = l**2 + 10*l - 6. Let z be k(-8). Let j = u - z. Calculate the greatest common divisor of j and 18.
9
Let c(h) = -h**3 - 9*h**2 + h + 11. Let w be c(-9). Suppose n = 3*n - 8, -3*f = -w*n + 5. Let y = 13 + -8. What is the highest common factor of f and y?
1
Suppose -2*m + 9 = -19. Let o(g) = -m*g - 25*g - 1 - 10*g. Let a be o(-1). What is the highest common factor of 16 and a?
16
Let t(o) = -333*o**3 + o**2 + o. Let k be t(-1). Calculate the highest common factor of k and 27.
9
Suppose 0*i - 4*i = 0, -2*o = 3*i - 4. Let y(n) = 10 - 13 + n**2 + n - 2*n**2 + o*n**2. Let s be y(-4). Calculate the greatest common factor of s and 9.
9
Let k be -5*(-2 + (-32)/10). Let r be 1/(-1 + k/24). Suppose -3*j - 4*c + 40 = 0, -7*j + 31 = -4*j - 5*c. Calculate the greatest common divisor of r and j.
12
Suppose y - 64 - 76 = 0. Let t(z) = 10*z - 4. Let g be t(6). What is the greatest common divisor of g and y?
28
Let t = 967 - 697. What is the highest common divisor of 510 and t?
30
Let p = 306 + -301. Calculate the highest common divisor of 60 and p.
5
Let m = -214 - -299. Calculate the highest common factor of 17 and m.
17
Suppose -3*j - 7 = -64. Let o = j + -8. Suppose 10*p - 44 = 6*p. Calculate the greatest common factor of p and o.
11
Let t(w) = 10*w - 483. Let u be t(57). Calculate the highest common factor of u and 406.
29
Let m = -10 + 163. What is the highest common factor of 17 and m?
17
Let c(q) = -15*q**3 - 3*q**2 - 5*q - 2. Let b be c(-1). Calculate the greatest common divisor of b and 375.
15
Suppose 0 = q - 4*k - 67, 30*q - 25*q - 4*k - 271 = 0. What is the highest common factor of q and 1173?
51
Let o = -7 + 1. Let l(a) = 4*a - 8. Let z be l(9). Let p = o + z. Calculate the highest common divisor of 55 and p.
11
Suppose -4*q + 26 = b - 15, 0 = -2*b - 6. Calculate the highest common factor of 77 and q.
11
Suppose 125*z = 119*z + 4818. What is the highest common divisor of 11 and z?
11
Suppose 19*c = 713 + 427. What is the greatest common factor of c and 1335?
15
Suppose -14*y = -3223 - 1243. Calculate the greatest common divisor of y and 11.
11
Suppose -8*y + 4590 = 22*y. What is the greatest common divisor of y and 6?
3
Let i be -44*(0 - 1 - 1). Suppose -53 - 592 = -3*p + 3*j, -200 = -p + 4*j. Calculate the highest common factor of p and i.
44
Suppose -11 = i - 2*i. Let p be 4 - (-4 - -2 - 36). Let x = 75 - p. Calculate the greatest common factor of x and i.
11
Let n = -411 - -477. What is the highest common divisor of n and 627?
33
Let w(a) = -3*a**2 - 4*a. Let f be w(-3). Let z be (-279)/f - 6/(-15). Suppose 4*g - 830 = 4*d - d, -4 = -2*d. What is the highest common divisor of z and g?
19
Let h = -715 + 762. Calculate the greatest common factor of 329 and h.
47
Suppose 0 = 5*v + 26*u - 22*u - 189, -v + u = -45. Calculate the highest common divisor of v and 697.
41
Suppose 5*k - 67 = 43. Suppose -4*n + k = -34. What is the highest common factor of 154 and n?
14
Let w = 2320 - 2281. Calculate the greatest common divisor of 75 and w.
3
Suppose -4*h + 135 = -13. Suppose -35 = -2*b + h. Let f(m) = m - 3. Let c be f(15). Calculate the greatest common factor of c and b.
12
Let m(s) = s**2 + 7*s + 2. Let c be 50/18 + 2/9. Suppose -6 = -c*u + 4*p, -u = -5*p + 7 + 2. Let o be m(u). What is the highest common factor of 20 and o?
20
Let a be -2 + (2*-28)/(-1). Let z = a + -23. Calculate the greatest common divisor of 217 and z.
31
Let p = -50 - -30. Let d = p + 20. Let u = d + 11. Calculate the greatest common factor of u and 55.
11
Suppose -28 = -r - 25. Suppose -5*f - 2*g + 390 = -7*g, 0 = r*g. Calculate the greatest common divisor of f and 52.
26
Let c(v) = -34*v + 6. Let z be c(-3). Let l be 1*(-2)/4*4. Let w be (l/(-4))/((-2)/(-48)). What is the greatest common divisor of z and w?
12
Let u(h) = -h**3 + 12*h**2 - 10*h - 2. Let z be u(11). Let s(r) = r**3 + 11*r**2 + 2*r - 9. Let v be s(-9). Calculate the highest common divisor of v and z.
9
Let w(g) = g**3 - 18*g**2 - 102*g + 92. Let c be w(24). What is the highest common factor of 50 and c?
50
Suppose 3*x + 200 = -136. Let y be (0/(-2) + -1)*4. Let b be (x/y)/((-4)/(-10)). Calculate the highest common divisor of b and 14.
14
Let q = -1 + 3. Suppose -18*f = -9*f. Suppose -3*s - 2*n = -11, f*s - 5*s + 19 = 3*n. What is the greatest common divisor of q and s?
1
Let t = -239 + 562. What is the highest common factor of 19 and t?
19
Suppose -11603 = -30*p + 1147. Calculate the greatest common factor of p and 170.
85
Let l = 9 + -4. Let u be (-1)/(168/(-165) + (-3)/(-3)). What is the greatest common divisor of u and l?
5
Suppose 0 = -4*w - 208 + 56. Let o = 2 - w. Calculate the highest common divisor of o and 5.
5
Suppose 0 = 5*o - 5*z - 295, 7*z + 12 = 3*z. Suppose 0 = -5*x + 4*l + o, 3*x + 2*l - 53 = -15. What is the highest common divisor of x and 8?
4
Let z(b) = -102*b - 1. Let i be z(1). Let f = -53 - i. Suppose 0 = 2*q - f - 110. What is the greatest common divisor of 32 and q?
16
Let d(u) = u + 6. Let h be d(-5). Let v be (h/(-1))/((-1)/(-4)). Let x be 78/5 + v/(-10). What is the greatest common factor of x and 80?
16
Suppose -2*l - 424 + 604 = 0. What is the highest common divisor of l and 45?
45
Let g = 506 + -1545. Let f = g + 1497. Let r = f + -224. Calculate the greatest common factor of r and 39.
39
Suppose 0 = -3*r + 4380 - 954. Suppose 0 = -4*f - 246 + r. What is the greatest common factor of f and 32?
32
Let k(u) = u**3 - 12*u**2 + 12. Let s be 13 - ((-5)/(-25))/(2/10). Let q be k(s). What is the highest common divisor of 84 and q?
12
Let p(i) = -i**2 - 2*i + 17. Let w be p(-6). Let y be ((-6)/8)/(w/84). Calculate the greatest common factor of 63 and y.
9
Suppose -w = -22 - 6. Let t = -2130 + 2144. What is the highest common factor of t and w?
14
Suppose -5*n - 2*s = -264, 4*n + 3*s - 204 = -s. Calculate the greatest common divisor of n and 6.
6
Suppose 36*h - 127 = 3329. Calculate the highest common factor of h and 240.
48
Let y = -46 - -73. Suppose 0 = n - 4*t - 24, 4*n + 3*t - y - 50 = 0. Suppose 5*s - 192 = -92. What is the highest common factor of s and n?
20
Suppose -4*s - 2*k - 2*k + 48 = 0, 4*s - 3*k - 27 = 0. Let h(p) = p**3 - 4*p**2 + 2. Let t be h(5). Calculate the highest common divisor of s and t.
9
Let g be 1 + 314 - -1 - (19 + -15). Calculate the highest common factor of 12 and g.
12
Suppose 4*z = 33 - 17. Suppose 16 = -z*d + 5*d - 3*r, -2*r = 2*d - 8. What is the greatest common divisor of d and 7?
7
Let u(z) = z**2 + 2*z - 12. Let w be u(-6). Calculate the greatest common divisor of 120 and w.
12
Suppose 0 = 5*f + 3*j - 40, 12*j = -3*f + 13*j + 10. Calculate the highest common factor of 15 and f.
5
Let b be (-14 - 1)*(-280)/6. Let z = -414 + b. Suppose -4*c - i = -107, 2*c - 46 = -5*i + 21. What is the greatest common factor of z and c?
26
Suppose 660 = 5*v + k + k, -4*v + 528 = -4*k. Let x be 12/3 - (2 + -10). What is the greatest common factor of x and v?
12
Suppose 3*l + 4*i = -0*l + 48, 24 = 3*l - 4*i. What is the highest common factor of l and 69?
3
Suppose 0 = -3*b - 3*b. Let d(l) = -5*l + 180. Let s be d(b). What is the greatest common factor of s and 9?
9
Let t = -13 + 137. Suppose r - 3*h - t = 0, -2*r + 3*r = -2*h + 119. Calculate the greatest common divisor of 11 and r.
11
Suppose 3*h = -4*h + 217. Let n = 56 - h. What is the highest common divisor of 